1/105 composite?
False
Let d(g) = -g**3 - 9*g**2 - 4*g + 13. Let o be d(-8). Let f(q) = -129*q - 62. Is f(o) a prime number?
True
Let j = 7454 + 5249. Is j a composite number?
False
Suppose 5 = 3*c - l + 12, 2*l = 3*c + 8. Let i(h) = -192*h - 5. Is i(c) prime?
True
Let l be (-1 - -4) + -1 + -30. Let i = -35 - -62. Let n = i - l. Is n a composite number?
True
Is -3 - (-2 + 0)*183/6 a prime number?
False
Let a be 23*(-4 - 4)/(-1). Let i = a - -90. Is i composite?
True
Let d(u) = u**2 + 10*u + 2. Let m be d(-11). Suppose 12811 = 3*a + 4450. Suppose -m*v + a = -10*v. Is v composite?
False
Let d be (-5)/(0 - (5 + -4)). Is (d + -100)*(3 + -4) prime?
False
Suppose -n - 2*n + 8 = -2*a, 5*n + a = 22. Let o(k) = k**2. Let u be o(n). Is u/(-88) + (-981)/(-11) prime?
True
Let y = 7954 - -3817. Is y composite?
True
Let m(n) = -n**2 + 6*n + 8. Let q = 1 + 6. Let b be m(q). Is 71*(2 - 0) - b a prime number?
False
Suppose 19 = f + 4*i, -6*f + i = -f - 32. Suppose 5*u = -5*h - 160, 0 = -5*u + 8 + f. Let b = h + 94. Is b a composite number?
False
Let t be (1 + 0)*-1*1. Let o(z) = 289*z**3 + 5*z**2 + 3. Let l(c) = 574*c**3 + 12*c**2 + 7. Let i(y) = 3*l(y) - 7*o(y). Is i(t) a prime number?
False
Suppose -x - 61 = 5*p, 4*x = 3*p + 1 + 31. Let n(m) = -19*m - 2. Is n(p) a composite number?
True
Let q(a) = 2*a**3 + 11*a**2 - 18*a + 10. Let f(n) = 3*n**3 + 21*n**2 - 36*n + 19. Let y(k) = -3*f(k) + 5*q(k). Is y(12) prime?
False
Is 50888/12 + -1 + (-28)/(-21) a composite number?
False
Suppose -7*k - 760799 = -50*k. Is k a prime number?
False
Suppose 0 = -4*f - 33 + 9. Let s be (-13 - -16)/(f/(-14)). Let g(m) = 59*m + 6. Is g(s) a prime number?
True
Is 2/(-3) + -1503064*2/(-48) prime?
True
Suppose 6 = 8*o - 5*o. Suppose 0*l - l = o*t + 6, -5*l - 20 = 5*t. Is 631/(-3)*6/t prime?
True
Let f(z) = 434*z - 5. Let y be f(4). Let n be (y/(-6))/(3/(-6)). Suppose -2327 = -2*m - 2*b - n, 0 = 5*m + 4*b - 4371. Is m composite?
True
Suppose 6*u - 9*u = -177. Suppose 0 = -4*k + u - 15. Suppose -k*w - 7385 = -16*w. Is w a prime number?
False
Is (-8)/((-336)/18) - (-10520)/35 composite?
True
Let o be (1/(-3) + (-3)/18)*-8. Suppose 0 = -3*q - 6*g + 3*g + 567, -o*q + 740 = -4*g. Is q a composite number?
True
Suppose -14 = -3*c + 16. Let n(s) = s**3 - 7*s**2 - 15*s + 7. Is n(c) composite?
False
Let l(z) = 72*z**2 - 4*z - 7. Let i = 99 - 102. Is l(i) a composite number?
False
Suppose -2*o - 2*b + 0*b + 24 = 0, 0 = 4*b - 16. Is (-2)/o*-2*(-13 - -971) a prime number?
True
Let f(w) = 52*w**2 - 7*w + 7. Let z be f(-10). Let g = z - 3304. Is g prime?
True
Suppose 0 = -18*h + 25*h - 15799. Is h a prime number?
False
Suppose -5*v + 25 = 0, 3*i - 26*v + 24*v = 10811. Is i prime?
True
Suppose 10*d - 7*d = -6. Let x be (-1)/(-4)*2*d. Is x/((4/4)/(-235)) a composite number?
True
Let o(w) = 23*w**2 + 3*w + 3. Let d(a) = -70*a**2 - 9*a - 9. Let k(t) = 3*d(t) + 8*o(t). Let i be k(4). Let r = -36 - i. Is r a composite number?
True
Let d = 23 + -21. Let t be 753 + -3 + (d - 1). Suppose 4*m - 3*l - t = 0, 0 = -m - m - 3*l + 371. Is m a prime number?
False
Let j = 6994 - 4361. Is j a composite number?
False
Suppose -162 - 240 = -3*a. Let j be 2/(-3)*(-7 + 1). Suppose j*b - 6*b = -a. Is b a prime number?
True
Let t(i) = 20956*i - 45. Is t(2) composite?
True
Let q = 43 + -51. Is -1 - q/(-12)*2802/(-4) composite?
True
Let s = 6038 + -3709. Is s prime?
False
Let x(d) be the first derivative of 2*d**2 + 13*d - 2. Let t(c) = 12*c**2 + 1. Let l be t(-1). Is x(l) a prime number?
False
Let t = 30 + -25. Suppose 3*s + t*v - 746 = 0, 8*s - 4*s = -v + 1023. Is s a prime number?
True
Let y(t) = 6*t**3 - 15*t**2 + 27*t + 13. Is y(11) prime?
True
Let o be (2 - -1) + 0 + 1. Let f be (-1)/(-4) + 3/o. Let a(k) = 3*k + 3. Is a(f) composite?
True
Suppose 0 = -2*g + g - 29. Let l = -7 - g. Is l/(-55) - (-1657)/5 prime?
True
Let q = 19579 + -13268. Is q a composite number?
False
Suppose 2*u + 3*j = 1246, 3*u + 2*j - 3*j - 1891 = 0. Is u a prime number?
False
Suppose -5*h + 0*j + 971 = -j, j + 389 = 2*h. Suppose 30 = -2*d + h. Is d a composite number?
True
Let t = -2397 + 4657. Is (4/10)/(8/t) a composite number?
False
Let o be (2 - -3)*((-84)/(-20))/7. Suppose -i + 645 = o*l, 5*l - 305 - 348 = -i. Is i a composite number?
True
Let j = 268 + -445. Let b(q) = -47*q - 8. Let a be b(-6). Let l = j + a. Is l prime?
True
Let x = 18 + -16. Suppose x*a = -a + 15. Suppose 1295 + 680 = a*s. Is s composite?
True
Let g(h) = 399*h**2 + 11*h - 31. Is g(3) composite?
False
Suppose -3*b + 40 = 3*z - 8, -20 = -2*b + 2*z. Suppose 11*a = b*a - 182. Is a prime?
False
Let f(o) = 37*o**2 - 9*o - 35. Let i be f(-8). Let v = i - -2316. Is v composite?
False
Let t be ((-2)/2)/(-7 + 55880/7984). Suppose 5*s - 597 = t. Is s a composite number?
True
Let d be 6/4*(-84)/(-9). Is 27778/18 + d/(-63) composite?
False
Let a = 64722 + -40351. Is a composite?
False
Suppose -5*f = -1 - 9. Suppose f*y - 5*p = -127 + 338, -319 = -3*y + 5*p. Suppose 5*w - y = 122. Is w a composite number?
True
Suppose 2*g + 26 = -5*f, 0 = -3*g + 7*g - f + 30. Let o = -3 - g. Is -2 + o - (4 + -167) a composite number?
True
Suppose 7*f = -482287 + 1245833. Is f a prime number?
False
Let a(n) = -15*n + 163. Is a(-4) a prime number?
True
Let q = -18 - -20. Suppose q*m + 0*m = 16. Let k(p) = 29*p - 9. Is k(m) a prime number?
True
Let x(j) = 4*j - 13. Let i be x(5). Suppose 4*u - 6127 = -i*u. Is u composite?
False
Let f = 815 - 1165. Let u = -129 - f. Is u composite?
True
Let c = -14 + 25. Let q = 13 - c. Is 249/q*80/24 a prime number?
False
Let q(x) be the second derivative of 37*x**3/3 + 25*x**2/2 + 4*x. Is q(6) a prime number?
False
Let l = 69310 + -27131. Is l a composite number?
False
Suppose -33 = o - 423. Suppose g = -2 + o. Is (2 - (-7)/(-4))*g composite?
False
Suppose -2*b + 2*u = -2648, -15 = -3*u + 6*u. Is b composite?
False
Suppose -3*d - s = -2*d - 9809, 0 = -3*d - 5*s + 29423. Is d a prime number?
True
Suppose -58*n - 635412 = -70*n. Is n a prime number?
True
Let j = 12208 - 8301. Is j a composite number?
False
Let x(w) = w**3 - 9*w**2 - 19*w + 1. Let t be x(6). Let a = t + 514. Is a a composite number?
False
Let o be (-2)/10 + (-7)/(-35). Let r(v) = o*v + 158*v**2 - v + 1 + v. Is r(-1) prime?
False
Let m(w) = 11*w**3 + 17*w**2 + 4*w - 39. Let p(a) = -5*a**3 - 8*a**2 - 2*a + 19. Let h = 11 - 17. Let u(x) = h*m(x) - 13*p(x). Is u(-6) prime?
True
Let z be 3*(-6678)/27*21/(-2). Suppose -q - 38 = -3*m + z, -3*q + 12 = 0. Is m prime?
False
Let b be 10*1/(-4)*1534. Let v = b - -5378. Is v a prime number?
True
Let j(k) be the third derivative of 242*k**4/3 - 5*k**2. Let g be j(1). Let n = g + -821. Is n prime?
False
Let a(g) = 9*g**3 - 3*g**2 + 4*g + 2. Let o be a(2). Let l = 117 - o. Is l a composite number?
False
Is (72112/(-56))/((-4)/14) prime?
True
Let m = 55 + -33. Suppose -x + 9 = -3*y + m, -15 = -4*y - x. Suppose -y*s - 17 = -1341. Is s a composite number?
False
Suppose 2 = 2*j - 2. Suppose 5*b + j*q = -9 + 30, -3*b = -5*q - 25. Is (b/(-5))/(3/(-63)) composite?
True
Suppose 4 - 20 = 4*y - a, 0 = -2*a + 8. Let t(r) be the third derivative of 3*r**5/4 + r**4/24 + r**3/6 - 10*r**2 - 3. Is t(y) a prime number?
False
Let g be 1/(-5) - (-1)/(10/102). Is (6/g - (-4)/10) + 1436 prime?
False
Let k = 35 + -25. Suppose -u = 4*q - 2920 - 2186, k = 5*u. Suppose 4*s - x - q = x, -x = -s + 321. Is s a composite number?
False
Let v(y) = -1931*y**3 - 8*y**2 - 12*y - 1. Is v(-2) composite?
False
Suppose -797 = 3*u - 1997. Suppose -4*d + 0*d - u = 0. Let n = d + 258. Is n a prime number?
False
Suppose -r - 4*r - 4*n = -2140, -5*n + 1712 = 4*r. Let q(j) = 2*j + 325*j**3 + r*j**3 - 3*j + j**2. Is q(1) composite?
True
Let w(h) = -24*h + 22 + 7*h + 4*h - 26*h. Is w(-8) composite?
True
Let w(o) = 13*o**3 + 5*o**2 + 1. Is w(4) composite?
True
Is 0 + -2 - 3 - 26676/(-6) a prime number?
True
Is (-189)/(-42)*(-25378)/(-9) a composite number?
False
Let r be (-6)/(-2) - 0/4. Let j(k) = -5*k**2 + 4 - k + 3*k**2 - 2*k + r*k**2. Is j(2) a composite number?
False
Let m = 2 - -8. Let z = -5 + m. Is (-3)/(-6)*z*22 a composite number?
True
Suppose 0 = -q - 2*c + 20005, -3*q + 22359 = 3*c - 37665. Is q composite?
False
Let d(i) = -i**2 + 6*i + 1. Let g be d(6). Suppose 65 = -6*l + 59. Is (-39)/(-1) + g/l prim